{"id":34,"date":"2021-03-25T05:10:49","date_gmt":"2021-03-25T05:10:49","guid":{"rendered":"https:\/\/empresasyfundaciones.usach.cl\/teleatencion\/?page_id=34"},"modified":"2023-11-22T15:08:46","modified_gmt":"2023-11-22T15:08:46","slug":"comencemos","status":"publish","type":"page","link":"https:\/\/empresasyfundaciones.usach.cl\/teleatencion\/","title":{"rendered":"Comencemos"},"content":{"rendered":"\t\t<div data-elementor-type=\"wp-page\" data-elementor-id=\"34\" class=\"elementor elementor-34\">\n\t\t\t\t\t\t\t\t\t<section class=\"elementor-section elementor-top-section elementor-element elementor-element-2840c6ab elementor-section-boxed elementor-section-height-default elementor-section-height-default\" data-id=\"2840c6ab\" data-element_type=\"section\">\n\t\t\t\t\t\t<div class=\"elementor-container elementor-column-gap-default\">\n\t\t\t\t\t<div class=\"elementor-column elementor-col-100 elementor-top-column elementor-element elementor-element-5fb975b1\" data-id=\"5fb975b1\" data-element_type=\"column\">\n\t\t\t<div class=\"elementor-widget-wrap elementor-element-populated\">\n\t\t\t\t\t\t\t\t<div class=\"elementor-element elementor-element-25a3a8d5 elementor-widget elementor-widget-text-editor\" data-id=\"25a3a8d5\" data-element_type=\"widget\" data-widget_type=\"text-editor.default\">\n\t\t\t\t<div class=\"elementor-widget-container\">\n\t\t\t<style>\/*! elementor - v3.6.6 - 15-06-2022 *\/\n.elementor-widget-text-editor.elementor-drop-cap-view-stacked .elementor-drop-cap{background-color:#818a91;color:#fff}.elementor-widget-text-editor.elementor-drop-cap-view-framed .elementor-drop-cap{color:#818a91;border:3px solid;background-color:transparent}.elementor-widget-text-editor:not(.elementor-drop-cap-view-default) .elementor-drop-cap{margin-top:8px}.elementor-widget-text-editor:not(.elementor-drop-cap-view-default) .elementor-drop-cap-letter{width:1em;height:1em}.elementor-widget-text-editor .elementor-drop-cap{float:left;text-align:center;line-height:1;font-size:50px}.elementor-widget-text-editor .elementor-drop-cap-letter{display:inline-block}<\/style>\t\t\t\t<!-- wp:html -->\n<div class=\"row mt-5\">\n<div class=\"col-12 col-lg-5\">\u00a0<\/div>\n<div class=\"col-12 col-lg-7 justify-content-end m-0\">\n<div class=\"h1 p-lg-5 p-3 bg-warning rounded-pill rounded-end  m-0 text-white shadow shadow\">Sistema de Teleatenci\u00f3n Efusach<\/div>\n<\/div>\n<div class=\"col-12 col-lg-5 text-center pt-5 px-2\"><img decoding=\"async\" class=\"img-fluid\" src=\"https:\/\/empresasyfundaciones.usach.cl\/teleatencion\/wp-content\/themes\/teleatencion\/assets\/images\/bienvenido.svg\" \/><\/div>\n<div class=\"col-12 col-lg-7 mt-5 ps-lg-5 justify-content-center justify-content-lg-start\">\n<h3 class=\"my-5 px-3 text-primary text-center text-lg-start\">Bienvenido(a)<\/h3>\n<p class=\"text-center text-lg-start px-3 fw-1 text-secondary fs-5\">Te damos la m\u00e1s cordial bienvenida al sistema de teleatenci\u00f3n Efusach. Aqu\u00ed podr\u00e1s resolver todas tus dudas respecto a los procesos que conectan a la Universidad con sus Empresas y Fundaciones (Efusach). Para ello, ponemos nuestras agendas a tu servicio a trav\u00e9s de un moderno sistema de agendamiento de entrevistas telem\u00e1ticas.<\/p>\n<p class=\"h4 text-primary text-center text-lg-start px-3 pt-3\">\u00a1Con gusto te atenderemos! <br \/><br \/><br \/><a class=\"btn btn-danger text-white px-5 py-3 text-center \" role=\"button\" href=\"https:\/\/empresasyfundaciones.usach.cl\/teleatencion\/index.php\/con-que-area-necesitas-comunicarte\/\">COMENCEMOS<\/a><\/p>\n<\/div>\n<\/div>\n<!-- \/wp:html -->\t\t\t\t\t\t<\/div>\n\t\t\t\t<\/div>\n\t\t\t\t\t<\/div>\n\t\t<\/div>\n\t\t\t\t\t\t\t<\/div>\n\t\t<\/section>\n\t\t\t\t\t\t\t<\/div>\n\t\t","protected":false},"excerpt":{"rendered":"<p>\u00a0 Sistema de Teleatenci\u00f3n Efusach Bienvenido(a) Te damos la m\u00e1s cordial bienvenida al sistema de teleatenci\u00f3n Efusach. Aqu\u00ed podr\u00e1s resolver todas tus dudas respecto a los procesos que conectan a la Universidad con sus Empresas y Fundaciones (Efusach). Para ello, ponemos nuestras agendas a tu servicio a trav\u00e9s de un moderno sistema de agendamiento de&hellip; <a class=\"more-link\" href=\"https:\/\/empresasyfundaciones.usach.cl\/teleatencion\/\">Seguir leyendo <span class=\"screen-reader-text\">Comencemos<\/span><\/a><\/p>\n","protected":false},"author":1,"featured_media":0,"parent":0,"menu_order":0,"comment_status":"closed","ping_status":"closed","template":"","meta":[],"_links":{"self":[{"href":"https:\/\/empresasyfundaciones.usach.cl\/teleatencion\/index.php\/wp-json\/wp\/v2\/pages\/34"}],"collection":[{"href":"https:\/\/empresasyfundaciones.usach.cl\/teleatencion\/index.php\/wp-json\/wp\/v2\/pages"}],"about":[{"href":"https:\/\/empresasyfundaciones.usach.cl\/teleatencion\/index.php\/wp-json\/wp\/v2\/types\/page"}],"author":[{"embeddable":true,"href":"https:\/\/empresasyfundaciones.usach.cl\/teleatencion\/index.php\/wp-json\/wp\/v2\/users\/1"}],"replies":[{"embeddable":true,"href":"https:\/\/empresasyfundaciones.usach.cl\/teleatencion\/index.php\/wp-json\/wp\/v2\/comments?post=34"}],"version-history":[{"count":16,"href":"https:\/\/empresasyfundaciones.usach.cl\/teleatencion\/index.php\/wp-json\/wp\/v2\/pages\/34\/revisions"}],"predecessor-version":[{"id":656,"href":"https:\/\/empresasyfundaciones.usach.cl\/teleatencion\/index.php\/wp-json\/wp\/v2\/pages\/34\/revisions\/656"}],"wp:attachment":[{"href":"https:\/\/empresasyfundaciones.usach.cl\/teleatencion\/index.php\/wp-json\/wp\/v2\/media?parent=34"}],"curies":[{"name":"wp","href":"https:\/\/api.w.org\/{rel}","templated":true}]}}

<div data-elementor-type="wp-page" data-elementor-id="34" class="elementor elementor-34">
									<section class="elementor-section elementor-top-section elementor-element elementor-element-2840c6ab elementor-section-boxed elementor-section-height-default elementor-section-height-default" data-id="2840c6ab" data-element_type="section">
						<div class="elementor-container elementor-column-gap-default">
					<div class="elementor-column elementor-col-100 elementor-top-column elementor-element elementor-element-5fb975b1" data-id="5fb975b1" data-element_type="column">
			<div class="elementor-widget-wrap elementor-element-populated">
								<div class="elementor-element elementor-element-25a3a8d5 elementor-widget elementor-widget-text-editor" data-id="25a3a8d5" data-element_type="widget" data-widget_type="text-editor.default">
				<div class="elementor-widget-container">
			<style>/*! elementor - v3.6.6 - 15-06-2022 */
.elementor-widget-text-editor.elementor-drop-cap-view-stacked .elementor-drop-cap{background-color:#818a91;color:#fff}.elementor-widget-text-editor.elementor-drop-cap-view-framed .elementor-drop-cap{color:#818a91;border:3px solid;background-color:transparent}.elementor-widget-text-editor:not(.elementor-drop-cap-view-default) .elementor-drop-cap{margin-top:8px}.elementor-widget-text-editor:not(.elementor-drop-cap-view-default) .elementor-drop-cap-letter{width:1em;height:1em}.elementor-widget-text-editor .elementor-drop-cap{float:left;text-align:center;line-height:1;font-size:50px}.elementor-widget-text-editor .elementor-drop-cap-letter{display:inline-block}</style>				<!-- wp:html -->
<div class="row mt-5">
<div class="col-12 col-lg-5"> </div>
<div class="col-12 col-lg-7 justify-content-end m-0">
<div class="h1 p-lg-5 p-3 bg-warning rounded-pill rounded-end  m-0 text-white shadow shadow">Sistema de Teleatención Efusach</div>
</div>
<div class="col-12 col-lg-5 text-center pt-5 px-2"><img decoding="async" class="img-fluid" src="https://empresasyfundaciones.usach.cl/teleatencion/wp-content/themes/teleatencion/assets/images/bienvenido.svg" /></div>
<div class="col-12 col-lg-7 mt-5 ps-lg-5 justify-content-center justify-content-lg-start">
<h3 class="my-5 px-3 text-primary text-center text-lg-start">Bienvenido(a)</h3>
<p class="text-center text-lg-start px-3 fw-1 text-secondary fs-5">Te damos la más cordial bienvenida al sistema de teleatención Efusach. Aquí podrás resolver todas tus dudas respecto a los procesos que conectan a la Universidad con sus Empresas y Fundaciones (Efusach). Para ello, ponemos nuestras agendas a tu servicio a través de un moderno sistema de agendamiento de entrevistas telemáticas.</p>
<p class="h4 text-primary text-center text-lg-start px-3 pt-3">¡Con gusto te atenderemos! <br /><br /><br /><a class="btn btn-danger text-white px-5 py-3 text-center " role="button" href="https://empresasyfundaciones.usach.cl/teleatencion/index.php/con-que-area-necesitas-comunicarte/">COMENCEMOS</a></p>
</div>
</div>
<!-- /wp:html -->						</div>
				</div>
					</div>
		</div>
							</div>
		</section>
							</div>

<p>  Sistema de Teleatención Efusach Bienvenido(a) Te damos la más cordial bienvenida al sistema de teleatención Efusach. Aquí podrás resolver todas tus dudas respecto a los procesos que conectan a la Universidad con sus Empresas y Fundaciones (Efusach). Para ello, ponemos nuestras agendas a tu servicio a través de un moderno sistema de agendamiento de&hellip; <a class="more-link" href="https://empresasyfundaciones.usach.cl/teleatencion/">Seguir leyendo <span class="screen-reader-text">Comencemos</span></a></p>
