{"id":42,"date":"2021-03-25T13:09:42","date_gmt":"2021-03-25T13:09:42","guid":{"rendered":"https:\/\/empresasyfundaciones.usach.cl\/teleatencion\/?page_id=42"},"modified":"2023-11-23T17:22:23","modified_gmt":"2023-11-23T17:22:23","slug":"con-que-area-necesitas-comunicarte","status":"publish","type":"page","link":"https:\/\/empresasyfundaciones.usach.cl\/teleatencion\/index.php\/con-que-area-necesitas-comunicarte\/","title":{"rendered":"\u00bfCon qu\u00e9 \u00e1rea necesitas comunicarte?"},"content":{"rendered":"\t\t<div data-elementor-type=\"wp-page\" data-elementor-id=\"42\" class=\"elementor elementor-42\">\n\t\t\t\t\t\t\t\t\t<section class=\"elementor-section elementor-top-section elementor-element elementor-element-2d6c88e8 elementor-section-boxed elementor-section-height-default elementor-section-height-default\" data-id=\"2d6c88e8\" data-element_type=\"section\">\n\t\t\t\t\t\t<div class=\"elementor-container elementor-column-gap-default\">\n\t\t\t\t\t<div class=\"elementor-column elementor-col-100 elementor-top-column elementor-element elementor-element-46ff8f88\" data-id=\"46ff8f88\" data-element_type=\"column\">\n\t\t\t<div class=\"elementor-widget-wrap elementor-element-populated\">\n\t\t\t\t\t\t\t\t<div class=\"elementor-element elementor-element-60ebf0e elementor-widget elementor-widget-text-editor\" data-id=\"60ebf0e\" data-element_type=\"widget\" data-widget_type=\"text-editor.default\">\n\t\t\t\t<div class=\"elementor-widget-container\">\n\t\t\t<style>\/*! elementor - v3.6.6 - 15-06-2022 *\/\n.elementor-widget-text-editor.elementor-drop-cap-view-stacked .elementor-drop-cap{background-color:#818a91;color:#fff}.elementor-widget-text-editor.elementor-drop-cap-view-framed .elementor-drop-cap{color:#818a91;border:3px solid;background-color:transparent}.elementor-widget-text-editor:not(.elementor-drop-cap-view-default) .elementor-drop-cap{margin-top:8px}.elementor-widget-text-editor:not(.elementor-drop-cap-view-default) .elementor-drop-cap-letter{width:1em;height:1em}.elementor-widget-text-editor .elementor-drop-cap{float:left;text-align:center;line-height:1;font-size:50px}.elementor-widget-text-editor .elementor-drop-cap-letter{display:inline-block}<\/style>\t\t\t\t<p><!-- wp:html --><\/p>\n<div class=\"row mt-5\">\n<div class=\"col-12 col-lg-5\">\u00a0<\/div>\n<div class=\"col-12 col-lg-7 justify-content-end m-0 p-0\">\n<div class=\"h1 p-lg-5 p-3 bg-warning rounded-pill rounded-end m-0 text-white shadow shadow\">\u00bfCon qu\u00e9 \u00e1rea necesitas comunicarte?<\/div>\n<\/div>\n<div class=\"col-12 col-lg-5 text-center pt-5 \"><img decoding=\"async\" class=\"img-fluid alignleft\" src=\"https:\/\/servieduc.cl\/efusach\/teleatencion\/wp-content\/themes\/teleatencion\/assets\/images\/bg-paso1.svg\" \/><\/div>\n<div class=\"col-12 col-lg-7 mt-5 ps-lg-5 justify-content-center justify-content-lg-start\">\n<p class=\" h4 text-center text-lg-start px-3 fw-1 mb-5\">Para agendar una reuni\u00f3n con la Unidad de Vinculaci\u00f3n con el Medio, selecciona la sede con la que deseas comunicarte.<\/p>\n<p class=\" h4 text-center text-lg-start px-3 fw-1 mb-5\"><span style=\"color: var( --e-global-color-text ); font-family: var( --e-global-typography-text-font-family ), Sans-serif; font-size: var( --e-global-typography-text-font-size ); font-weight: var( --e-global-typography-text-font-weight );\">SEDE IQUIQUE\u00a0<br \/><\/span><span style=\"color: var( --e-global-color-text ); font-family: var( --e-global-typography-text-font-family ), Sans-serif; font-size: var( --e-global-typography-text-font-size ); font-weight: var( --e-global-typography-text-font-weight );\"><a href=\"https:\/\/empresasyfundaciones.usach.cl\/teleatencion\/index.php\/reuniones-en-linea\/\">SEDE LA SERENA\u00a0<\/a><br \/><\/span><span style=\"color: var( --e-global-color-text ); font-family: var( --e-global-typography-text-font-family ), Sans-serif; font-size: var( --e-global-typography-text-font-size ); font-weight: var( --e-global-typography-text-font-weight );\">CASA MATRIZ (SANTIAGO)<\/span><\/p>\n<p class=\" h4 text-center text-lg-start px-3 fw-1 mb-5\"><span style=\"color: var( --e-global-color-text ); font-family: var( --e-global-typography-text-font-family ), Sans-serif; font-size: var( --e-global-typography-text-font-size ); font-weight: var( --e-global-typography-text-font-weight );\">\u00a0<\/span><\/p>\n<\/div>\n<div class=\"col-12 col-lg-7 mt-5 ps-lg-5 justify-content-center justify-content-lg-start\">\n<p>\u00a0<\/p>\n<p>\u00a0<\/p>\n<\/div>\n<\/div>\n<p><!-- \/wp:html --><\/p>\t\t\t\t\t\t<\/div>\n\t\t\t\t<\/div>\n\t\t\t\t\t<\/div>\n\t\t<\/div>\n\t\t\t\t\t\t\t<\/div>\n\t\t<\/section>\n\t\t\t\t\t\t\t<\/div>\n\t\t","protected":false},"excerpt":{"rendered":"<p>\u00a0 \u00bfCon qu\u00e9 \u00e1rea necesitas comunicarte? Para agendar una reuni\u00f3n con la Unidad de Vinculaci\u00f3n con el Medio, selecciona la sede con la que deseas comunicarte. SEDE IQUIQUE\u00a0SEDE LA SERENA\u00a0CASA MATRIZ (SANTIAGO) \u00a0 \u00a0 \u00a0<\/p>\n","protected":false},"author":1,"featured_media":0,"parent":0,"menu_order":0,"comment_status":"closed","ping_status":"closed","template":"","meta":[],"_links":{"self":[{"href":"https:\/\/empresasyfundaciones.usach.cl\/teleatencion\/index.php\/wp-json\/wp\/v2\/pages\/42"}],"collection":[{"href":"https:\/\/empresasyfundaciones.usach.cl\/teleatencion\/index.php\/wp-json\/wp\/v2\/pages"}],"about":[{"href":"https:\/\/empresasyfundaciones.usach.cl\/teleatencion\/index.php\/wp-json\/wp\/v2\/types\/page"}],"author":[{"embeddable":true,"href":"https:\/\/empresasyfundaciones.usach.cl\/teleatencion\/index.php\/wp-json\/wp\/v2\/users\/1"}],"replies":[{"embeddable":true,"href":"https:\/\/empresasyfundaciones.usach.cl\/teleatencion\/index.php\/wp-json\/wp\/v2\/comments?post=42"}],"version-history":[{"count":34,"href":"https:\/\/empresasyfundaciones.usach.cl\/teleatencion\/index.php\/wp-json\/wp\/v2\/pages\/42\/revisions"}],"predecessor-version":[{"id":670,"href":"https:\/\/empresasyfundaciones.usach.cl\/teleatencion\/index.php\/wp-json\/wp\/v2\/pages\/42\/revisions\/670"}],"wp:attachment":[{"href":"https:\/\/empresasyfundaciones.usach.cl\/teleatencion\/index.php\/wp-json\/wp\/v2\/media?parent=42"}],"curies":[{"name":"wp","href":"https:\/\/api.w.org\/{rel}","templated":true}]}}

¿Con qué área necesitas comunicarte?

<div data-elementor-type="wp-page" data-elementor-id="42" class="elementor elementor-42">
									<section class="elementor-section elementor-top-section elementor-element elementor-element-2d6c88e8 elementor-section-boxed elementor-section-height-default elementor-section-height-default" data-id="2d6c88e8" data-element_type="section">
						<div class="elementor-container elementor-column-gap-default">
					<div class="elementor-column elementor-col-100 elementor-top-column elementor-element elementor-element-46ff8f88" data-id="46ff8f88" data-element_type="column">
			<div class="elementor-widget-wrap elementor-element-populated">
								<div class="elementor-element elementor-element-60ebf0e elementor-widget elementor-widget-text-editor" data-id="60ebf0e" data-element_type="widget" data-widget_type="text-editor.default">
				<div class="elementor-widget-container">
			<style>/*! elementor - v3.6.6 - 15-06-2022 */
.elementor-widget-text-editor.elementor-drop-cap-view-stacked .elementor-drop-cap{background-color:#818a91;color:#fff}.elementor-widget-text-editor.elementor-drop-cap-view-framed .elementor-drop-cap{color:#818a91;border:3px solid;background-color:transparent}.elementor-widget-text-editor:not(.elementor-drop-cap-view-default) .elementor-drop-cap{margin-top:8px}.elementor-widget-text-editor:not(.elementor-drop-cap-view-default) .elementor-drop-cap-letter{width:1em;height:1em}.elementor-widget-text-editor .elementor-drop-cap{float:left;text-align:center;line-height:1;font-size:50px}.elementor-widget-text-editor .elementor-drop-cap-letter{display:inline-block}</style>				<p><!-- wp:html --></p>
<div class="row mt-5">
<div class="col-12 col-lg-5"> </div>
<div class="col-12 col-lg-7 justify-content-end m-0 p-0">
<div class="h1 p-lg-5 p-3 bg-warning rounded-pill rounded-end m-0 text-white shadow shadow">¿Con qué área necesitas comunicarte?</div>
</div>
<div class="col-12 col-lg-5 text-center pt-5 "><img decoding="async" class="img-fluid alignleft" src="https://servieduc.cl/efusach/teleatencion/wp-content/themes/teleatencion/assets/images/bg-paso1.svg" /></div>
<div class="col-12 col-lg-7 mt-5 ps-lg-5 justify-content-center justify-content-lg-start">
<p class=" h4 text-center text-lg-start px-3 fw-1 mb-5">Para agendar una reunión con la Unidad de Vinculación con el Medio, selecciona la sede con la que deseas comunicarte.</p>
<p class=" h4 text-center text-lg-start px-3 fw-1 mb-5"><span style="color: var( --e-global-color-text ); font-family: var( --e-global-typography-text-font-family ), Sans-serif; font-size: var( --e-global-typography-text-font-size ); font-weight: var( --e-global-typography-text-font-weight );">SEDE IQUIQUE <br /></span><span style="color: var( --e-global-color-text ); font-family: var( --e-global-typography-text-font-family ), Sans-serif; font-size: var( --e-global-typography-text-font-size ); font-weight: var( --e-global-typography-text-font-weight );"><a href="https://empresasyfundaciones.usach.cl/teleatencion/index.php/reuniones-en-linea/">SEDE LA SERENA </a><br /></span><span style="color: var( --e-global-color-text ); font-family: var( --e-global-typography-text-font-family ), Sans-serif; font-size: var( --e-global-typography-text-font-size ); font-weight: var( --e-global-typography-text-font-weight );">CASA MATRIZ (SANTIAGO)</span></p>
<p class=" h4 text-center text-lg-start px-3 fw-1 mb-5"><span style="color: var( --e-global-color-text ); font-family: var( --e-global-typography-text-font-family ), Sans-serif; font-size: var( --e-global-typography-text-font-size ); font-weight: var( --e-global-typography-text-font-weight );"> </span></p>
</div>
<div class="col-12 col-lg-7 mt-5 ps-lg-5 justify-content-center justify-content-lg-start">
<p> </p>
<p> </p>
</div>
</div>
<p><!-- /wp:html --></p>						</div>
				</div>
					</div>
		</div>
							</div>
		</section>
							</div>

<p>  ¿Con qué área necesitas comunicarte? Para agendar una reunión con la Unidad de Vinculación con el Medio, selecciona la sede con la que deseas comunicarte. SEDE IQUIQUE SEDE LA SERENA CASA MATRIZ (SANTIAGO)      </p>
